{"id":4,"date":"2012-10-05T14:11:11","date_gmt":"2012-10-05T14:11:11","guid":{"rendered":"http:\/\/recstores.com\/wordpress\/home\/"},"modified":"2014-04-03T10:33:11","modified_gmt":"2014-04-03T10:33:11","slug":"home","status":"publish","type":"page","link":"https:\/\/www.rec0.com\/en\/","title":{"rendered":"Espais singulars al barri del Rec"},"content":{"rendered":"<p><a href=\"http:\/\/www.rec0.com\/home\/interior-amb-furgo\/\" rel=\"attachment wp-att-3049\"><img loading=\"lazy\" class=\"aligncenter size-medium wp-image-3049\" title=\"Espai buit al rec...\" src=\"http:\/\/www.rec0.com\/wp-content\/uploads\/2012\/10\/interior-amb-furgo-300x200.jpg\" alt=\"\" width=\"300\" height=\"200\" \/><\/a><\/p>\n","protected":false},"excerpt":{"rendered":"","protected":false},"author":1,"featured_media":0,"parent":0,"menu_order":-1,"comment_status":"open","ping_status":"open","template":"page-portada.php","meta":{"ngg_post_thumbnail":0},"yoast_head":"<!-- This site is optimized with the Yoast SEO plugin v18.2 - https:\/\/yoast.com\/wordpress\/plugins\/seo\/ -->\n<meta name=\"description\" content=\"Rec.0 Experimental Stores \u00e9s un nou concepte de retail. \u00c9s la transformaci\u00f3 d\u2019un vell barri industrial, el barri del Rec. Dues vegades l\u2019any, i nom\u00e9s durant tres dies.\" \/>\n<meta name=\"robots\" content=\"index, follow, max-snippet:-1, max-image-preview:large, max-video-preview:-1\" \/>\n<link rel=\"canonical\" href=\"https:\/\/www.rec0.com\/\" \/>\n<meta property=\"og:locale\" content=\"en_US\" \/>\n<meta property=\"og:type\" content=\"article\" \/>\n<meta property=\"og:title\" content=\"REC.0 Experimental Stores - Espais singulars al barri del Rec.\" \/>\n<meta property=\"og:description\" content=\"Rec.0 Experimental Stores \u00e9s un nou concepte de retail. \u00c9s la transformaci\u00f3 d\u2019un vell barri industrial, el barri del Rec. Dues vegades l\u2019any, i nom\u00e9s durant tres dies.\" \/>\n<meta property=\"og:url\" content=\"https:\/\/www.rec0.com\/\" \/>\n<meta property=\"og:site_name\" content=\"REC.0 Experimental Stores\" \/>\n<meta property=\"article:modified_time\" content=\"2014-04-03T10:33:11+00:00\" \/>\n<meta property=\"og:image\" content=\"http:\/\/www.rec0.com\/wp-content\/uploads\/2012\/10\/interior-amb-furgo-300x200.jpg\" \/>\n<script type=\"application\/ld+json\" class=\"yoast-schema-graph\">{\"@context\":\"https:\/\/schema.org\",\"@graph\":[{\"@type\":\"WebSite\",\"@id\":\"https:\/\/www.rec0.com\/es\/#website\",\"url\":\"https:\/\/www.rec0.com\/es\/\",\"name\":\"REC.0 Experimental Stores\",\"description\":\"Pop up stores al barri del Rec, a Igualada.\",\"potentialAction\":[{\"@type\":\"SearchAction\",\"target\":{\"@type\":\"EntryPoint\",\"urlTemplate\":\"https:\/\/www.rec0.com\/es\/?s={search_term_string}\"},\"query-input\":\"required name=search_term_string\"}],\"inLanguage\":\"en-US\"},{\"@type\":\"ImageObject\",\"@id\":\"https:\/\/www.rec0.com\/#primaryimage\",\"inLanguage\":\"en-US\",\"url\":\"http:\/\/www.rec0.com\/wp-content\/uploads\/2012\/10\/interior-amb-furgo-300x200.jpg\",\"contentUrl\":\"http:\/\/www.rec0.com\/wp-content\/uploads\/2012\/10\/interior-amb-furgo-300x200.jpg\"},{\"@type\":\"WebPage\",\"@id\":\"https:\/\/www.rec0.com\/#webpage\",\"url\":\"https:\/\/www.rec0.com\/\",\"name\":\"REC.0 Experimental Stores - Espais singulars al barri del Rec.\",\"isPartOf\":{\"@id\":\"https:\/\/www.rec0.com\/es\/#website\"},\"primaryImageOfPage\":{\"@id\":\"https:\/\/www.rec0.com\/#primaryimage\"},\"datePublished\":\"2012-10-05T14:11:11+00:00\",\"dateModified\":\"2014-04-03T10:33:11+00:00\",\"description\":\"Rec.0 Experimental Stores \u00e9s un nou concepte de retail. \u00c9s la transformaci\u00f3 d\u2019un vell barri industrial, el barri del Rec. Dues vegades l\u2019any, i nom\u00e9s durant tres dies.\",\"breadcrumb\":{\"@id\":\"https:\/\/www.rec0.com\/#breadcrumb\"},\"inLanguage\":\"en-US\",\"potentialAction\":[{\"@type\":\"ReadAction\",\"target\":[\"https:\/\/www.rec0.com\/\"]}]},{\"@type\":\"BreadcrumbList\",\"@id\":\"https:\/\/www.rec0.com\/#breadcrumb\",\"itemListElement\":[{\"@type\":\"ListItem\",\"position\":1,\"name\":\"Espais singulars al barri del Rec\"}]}]}<\/script>\n<!-- \/ Yoast SEO plugin. -->","yoast_head_json":{"description":"Rec.0 Experimental Stores \u00e9s un nou concepte de retail. \u00c9s la transformaci\u00f3 d\u2019un vell barri industrial, el barri del Rec. Dues vegades l\u2019any, i nom\u00e9s durant tres dies.","robots":{"index":"index","follow":"follow","max-snippet":"max-snippet:-1","max-image-preview":"max-image-preview:large","max-video-preview":"max-video-preview:-1"},"canonical":"https:\/\/www.rec0.com\/","og_locale":"en_US","og_type":"article","og_title":"REC.0 Experimental Stores - Espais singulars al barri del Rec.","og_description":"Rec.0 Experimental Stores \u00e9s un nou concepte de retail. \u00c9s la transformaci\u00f3 d\u2019un vell barri industrial, el barri del Rec. Dues vegades l\u2019any, i nom\u00e9s durant tres dies.","og_url":"https:\/\/www.rec0.com\/","og_site_name":"REC.0 Experimental Stores","article_modified_time":"2014-04-03T10:33:11+00:00","og_image":[{"url":"http:\/\/www.rec0.com\/wp-content\/uploads\/2012\/10\/interior-amb-furgo-300x200.jpg"}],"schema":{"@context":"https:\/\/schema.org","@graph":[{"@type":"WebSite","@id":"https:\/\/www.rec0.com\/es\/#website","url":"https:\/\/www.rec0.com\/es\/","name":"REC.0 Experimental Stores","description":"Pop up stores al barri del Rec, a Igualada.","potentialAction":[{"@type":"SearchAction","target":{"@type":"EntryPoint","urlTemplate":"https:\/\/www.rec0.com\/es\/?s={search_term_string}"},"query-input":"required name=search_term_string"}],"inLanguage":"en-US"},{"@type":"ImageObject","@id":"https:\/\/www.rec0.com\/#primaryimage","inLanguage":"en-US","url":"http:\/\/www.rec0.com\/wp-content\/uploads\/2012\/10\/interior-amb-furgo-300x200.jpg","contentUrl":"http:\/\/www.rec0.com\/wp-content\/uploads\/2012\/10\/interior-amb-furgo-300x200.jpg"},{"@type":"WebPage","@id":"https:\/\/www.rec0.com\/#webpage","url":"https:\/\/www.rec0.com\/","name":"REC.0 Experimental Stores - Espais singulars al barri del Rec.","isPartOf":{"@id":"https:\/\/www.rec0.com\/es\/#website"},"primaryImageOfPage":{"@id":"https:\/\/www.rec0.com\/#primaryimage"},"datePublished":"2012-10-05T14:11:11+00:00","dateModified":"2014-04-03T10:33:11+00:00","description":"Rec.0 Experimental Stores \u00e9s un nou concepte de retail. \u00c9s la transformaci\u00f3 d\u2019un vell barri industrial, el barri del Rec. Dues vegades l\u2019any, i nom\u00e9s durant tres dies.","breadcrumb":{"@id":"https:\/\/www.rec0.com\/#breadcrumb"},"inLanguage":"en-US","potentialAction":[{"@type":"ReadAction","target":["https:\/\/www.rec0.com\/"]}]},{"@type":"BreadcrumbList","@id":"https:\/\/www.rec0.com\/#breadcrumb","itemListElement":[{"@type":"ListItem","position":1,"name":"Espais singulars al barri del Rec"}]}]}},"acf":[],"_links":{"self":[{"href":"https:\/\/www.rec0.com\/en\/wp-json\/wp\/v2\/pages\/4"}],"collection":[{"href":"https:\/\/www.rec0.com\/en\/wp-json\/wp\/v2\/pages"}],"about":[{"href":"https:\/\/www.rec0.com\/en\/wp-json\/wp\/v2\/types\/page"}],"author":[{"embeddable":true,"href":"https:\/\/www.rec0.com\/en\/wp-json\/wp\/v2\/users\/1"}],"replies":[{"embeddable":true,"href":"https:\/\/www.rec0.com\/en\/wp-json\/wp\/v2\/comments?post=4"}],"version-history":[{"count":13,"href":"https:\/\/www.rec0.com\/en\/wp-json\/wp\/v2\/pages\/4\/revisions"}],"predecessor-version":[{"id":3050,"href":"https:\/\/www.rec0.com\/en\/wp-json\/wp\/v2\/pages\/4\/revisions\/3050"}],"wp:attachment":[{"href":"https:\/\/www.rec0.com\/en\/wp-json\/wp\/v2\/media?parent=4"}],"curies":[{"name":"wp","href":"https:\/\/api.w.org\/{rel}","templated":true}]}}

<!-- This site is optimized with the Yoast SEO plugin v18.2 - https://yoast.com/wordpress/plugins/seo/ -->
<meta name="description" content="Rec.0 Experimental Stores és un nou concepte de retail. És la transformació d’un vell barri industrial, el barri del Rec. Dues vegades l’any, i només durant tres dies." />
<meta name="robots" content="index, follow, max-snippet:-1, max-image-preview:large, max-video-preview:-1" />
<link rel="canonical" href="https://www.rec0.com/" />
<meta property="og:locale" content="en_US" />
<meta property="og:type" content="article" />
<meta property="og:title" content="REC.0 Experimental Stores - Espais singulars al barri del Rec." />
<meta property="og:description" content="Rec.0 Experimental Stores és un nou concepte de retail. És la transformació d’un vell barri industrial, el barri del Rec. Dues vegades l’any, i només durant tres dies." />
<meta property="og:url" content="https://www.rec0.com/" />
<meta property="og:site_name" content="REC.0 Experimental Stores" />
<meta property="article:modified_time" content="2014-04-03T10:33:11+00:00" />
<meta property="og:image" content="http://www.rec0.com/wp-content/uploads/2012/10/interior-amb-furgo-300x200.jpg" />
<script type="application/ld+json" class="yoast-schema-graph">{"@context":"https://schema.org","@graph":[{"@type":"WebSite","@id":"https://www.rec0.com/es/#website","url":"https://www.rec0.com/es/","name":"REC.0 Experimental Stores","description":"Pop up stores al barri del Rec, a Igualada.","potentialAction":[{"@type":"SearchAction","target":{"@type":"EntryPoint","urlTemplate":"https://www.rec0.com/es/?s={search_term_string}"},"query-input":"required name=search_term_string"}],"inLanguage":"en-US"},{"@type":"ImageObject","@id":"https://www.rec0.com/#primaryimage","inLanguage":"en-US","url":"http://www.rec0.com/wp-content/uploads/2012/10/interior-amb-furgo-300x200.jpg","contentUrl":"http://www.rec0.com/wp-content/uploads/2012/10/interior-amb-furgo-300x200.jpg"},{"@type":"WebPage","@id":"https://www.rec0.com/#webpage","url":"https://www.rec0.com/","name":"REC.0 Experimental Stores - Espais singulars al barri del Rec.","isPartOf":{"@id":"https://www.rec0.com/es/#website"},"primaryImageOfPage":{"@id":"https://www.rec0.com/#primaryimage"},"datePublished":"2012-10-05T14:11:11+00:00","dateModified":"2014-04-03T10:33:11+00:00","description":"Rec.0 Experimental Stores és un nou concepte de retail. És la transformació d’un vell barri industrial, el barri del Rec. Dues vegades l’any, i només durant tres dies.","breadcrumb":{"@id":"https://www.rec0.com/#breadcrumb"},"inLanguage":"en-US","potentialAction":[{"@type":"ReadAction","target":["https://www.rec0.com/"]}]},{"@type":"BreadcrumbList","@id":"https://www.rec0.com/#breadcrumb","itemListElement":[{"@type":"ListItem","position":1,"name":"Espais singulars al barri del Rec"}]}]}</script>
<!-- / Yoast SEO plugin. -->

Rec.0 Experimental Stores és un nou concepte de retail. És la transformació d’un vell barri industrial, el barri del Rec. Dues vegades l’any, i només durant tres dies.
